 of f?
103
Let z(o) = -8*o**3 + o**2 - o. Let n be z(-2). Suppose 2*r = -4*a + n, 3*r = -2*r + 3*a + 136. What are the prime factors of r?
29
Let s(f) = -f - f + 1 - f + 0*f. What are the prime factors of s(-3)?
2, 5
Suppose 3*h - 111 = -4*r, 4*h - 40 = -3*r + 38. Let j = 51 - r. List the prime factors of j.
3, 7
Suppose 4*a + 3*j + 242 - 909 = 0, 5*j + 138 = a. List the prime factors of a.
163
Let z(w) = 14*w - 2. List the prime factors of z(2).
2, 13
Let r(c) = c + 7. Let o be r(-5). Suppose 2*b - 16 = -o*b. Suppose 2*f = -b*x - 3*f + 23, x + 4*f - 14 = 0. What are the prime factors of x?
2
Let f be 3*(-1)/(9/282). What are the prime factors of (-7)/21*(1 + f)?
31
Suppose 3*m + 2*m = 1380. List the prime factors of m.
2, 3, 23
Let p = -39 - -139. What are the prime factors of p?
2, 5
Suppose 4*s + z = 4*z + 30, -4*s + 18 = 3*z. What are the prime factors of ((-44)/s)/(4/(-6))?
11
Suppose 4*f + 55 = 19. What are the prime factors of (-1 - 2)/(1/f)?
3
Suppose 0 = -2*h - 2*h + 20. Suppose h*o = -5*c, 2*o + 6 = 7*o + 3*c. Suppose -o*y = -36 - 3. List the prime factors of y.
13
Let p(b) = -b**2 - 9*b + 12. Let g be p(-9). Suppose -3*h = h - g. Suppose h = l + 1. List the prime factors of l.
2
Let j be (1 + 1)*(-1 + 0). Let c be (1/j)/(7/84). Let y(l) = -l + 5. What are the prime factors of y(c)?
11
Let x = -32 + 58. List the prime factors of x.
2, 13
Suppose t + 2*t - 12 = 0. Suppose 8 = 5*l + i, 3*l - 2*i = t + 6. Suppose 0 = l*g + z - 24, 0 - 1 = -g + 5*z. List the prime factors of g.
11
Let i(j) = 12*j - 4. Let m be i(3). Let b = m + -2. What are the prime factors of (b/(9/3))/1?
2, 5
Suppose 3*j - 171 = 3*l - 6*l, -4*j - 2*l = -230. What are the prime factors of j?
2, 29
Let w(b) be the third derivative of -b**4/24 + 3*b**3 - 13*b**2. Let h = 9 - -2. List the prime factors of w(h).
7
Suppose -i - 7 = -4*v, -4*i - 15 = 3*v - 6*v. Suppose 5*u - 10 = 5. Let a = u - i. List the prime factors of a.
2, 3
Suppose 5*x + 3 - 93 = 0. What are the prime factors of x?
2, 3
Suppose 0*u + 234 = 6*u. List the prime factors of u.
3, 13
Let d = -6 + 7. Suppose t + d = -0. What are the prime factors of ((-3)/(-9))/(t/(-42))?
2, 7
Let c be (2/(-2) - 289)/(-2). Suppose -2*j = -3*i + 158, -5*i + j + c = -116. What are the prime factors of i?
2, 13
Let y(h) = h**2 - 11*h + 12. Let b be y(10). Suppose 0 = -o + 3*l + 6, 2*l + b = 4*l. List the prime factors of o.
3
Suppose 3*o = -4*p + 125, 0*o - o + 63 = -4*p. What are the prime factors of o?
47
Let i be (2/(-3))/(4/(-12)). Suppose i*z - 14 = 5*h, -3*z - 25 = -4*z - 2*h. Let m = z + -5. List the prime factors of m.
2, 3
Suppose 4*m + 2*c - 30 = 3*c, 6 = m - c. Suppose -o + 5 = -m. What are the prime factors of o?
13
Suppose 0 = 3*f - 3*k - 54, -3*f + f - k = -45. Suppose -2*x + f = -u, -5*u + 2*x - 122 = 7. Let s = u - -38. What are the prime factors of s?
11
Suppose -3*h + 6 = -h. Suppose 0 = 2*x - x + f - 3, -3*x + 8 = 4*f. Suppose -x*q - 48 = -4*r, 2*r - 21 = -2*q + h*q. What are the prime factors of r?
3
Let w be ((-6)/(-5))/(10/25). Let j = -3 + w. Let c = 2 - j. What are the prime factors of c?
2
Suppose -4*d - 4 = v, d - 3*v = -0*d - 14. List the prime factors of 1136/44 - d/11.
2, 13
Suppose m = -s - 2*s + 85, -3*s - 389 = -5*m. List the prime factors of m.
79
Suppose -3*c - 9 = -2*c. Let l(t) = t**3 + 8*t**2 - 12*t + 1. What are the prime factors of l(c)?
2, 7
Suppose -2*a + 27 = a. List the prime factors of (16/6)/(2/a).
2, 3
Suppose 0 = d - 2*f, -3*d + f = -2*f - 15. Suppose -4*m + 10 = -d. What are the prime factors of m?
5
Let n = -4 + 9. Suppose -i = 2*x - x - 4, 0 = -x - n*i + 8. Suppose 9 = -x*w + 42. List the prime factors of w.
11
Let c = -29 + 123. What are the prime factors of c?
2, 47
Suppose -4*l + 176 = z, -2*z - 44 = -l - 3*z. Let y = l - -15. List the prime factors of y.
59
Let o(a) be the third derivative of a**6/120 + a**5/10 - a**4/12 - a**3/2 - 7*a**2. List the prime factors of o(-5).
2
Let z(p) = p**2 - 3*p - 3. Let j be z(4). Suppose -2*b - 4 - 2 = 0. List the prime factors of 8 + b + 2/j.
7
Let c(f) = 4*f**2 - 5. What are the prime factors of c(-3)?
31
Let t be (-8)/(-28) - (-12)/7. Suppose -t*k + 21 = 3*k + 3*y, -4*y - 12 = 0. What are the prime factors of k?
2, 3
Let k(q) be the first derivative of -q**4/4 - 2*q**3 + 2*q + 3. Let h be k(-6). Suppose -2*b - h*b = 4, -26 = -3*x + 5*b. What are the prime factors of x?
7
Suppose 3*l = -3*f, -3*l - 3*f = -f - 4. Suppose -l*d + 20 = -12. List the prime factors of d.
2
Suppose -4*a + 3*a + 3*f = -63, 234 = 4*a - 3*f. List the prime factors of a.
3, 19
List the prime factors of (113/4)/(6 + 69/(-12)).
113
Suppose 0 = -5*k - 0*k - 20, -3*d = k - 11. Suppose d*n - 1 = 49. List the prime factors of n.
2, 5
Suppose -o = 1 + 1, -4*a + 38 = 5*o. Let r = a - 7. Suppose 5 = i - r*n, 2*n + 27 = 4*i - 11. List the prime factors of i.
2, 5
Let q = -25 + 12. Let k = q + 23. What are the prime factors of k?
2, 5
Suppose 0*s + 90 = s. Suppose 4*r + s = 5*j - r, 3*j - 59 = 2*r. List the prime factors of j.
23
List the prime factors of -5 - -2 - (-5 - 4).
2, 3
Let o(b) = 9*b - 2 - 9*b - b. Suppose -2*j = -3*n + j - 24, 3*n + 20 = -j. List the prime factors of o(n).
5
Suppose 0 = 5*b + 5*y + 10, 0 = 4*b + y + y + 6. Let q = b + 1. Suppose 15 + q = 3*n. What are the prime factors of n?
5
Let o(r) = -8*r + 4. Let v be o(-5). Let k = -21 + v. List the prime factors of k.
23
Suppose -2*a = -a - 5. Let r = a + 10. List the prime factors of r.
3, 5
Let g(f) = -f**2 + 6*f + 1. Let t be g(6). Let q be 4/18 + (-1116)/(-81). List the prime factors of (-3 + 4)*t + q.
3, 5
Let z(c) = -4*c + 2*c + 11*c + 9*c - 1. What are the prime factors of z(2)?
5, 7
Suppose -75 = -5*r - 0*r. Suppose 39 = 4*f + r. Suppose 0 = q - 7 - f. What are the prime factors of q?
13
Let q = 9 - 2. Let a(s) = -s + s - 2*s - q. List the prime factors of a(-5).
3
Let j(d) = d**2 - 3*d + 1. Let q be j(4). Suppose -5*h - 4 - 25 = 4*r, 4*r - 21 = q*h. Let t = 14 - r. List the prime factors of t.
3, 5
Let n(p) = -p**2 + p + 4. Let c be n(0). Suppose -2*a + 4*b - 1 = 11, 0 = -c*a + 5*b - 18. Let z = a - -6. List the prime factors of z.
2
Let t(b) = b - 3. Let q(u) = -3*u**2 - 7*u + 6. Let o(l) = -5*l**2 - 14*l + 12. Let f(x) = -4*o(x) + 7*q(x). Let y be f(4). List the prime factors of t(y).
3
Let b = -5 + 8. Let k(c) = -3*c**3 - 2*c**b + 4*c**3 + 3*c**2 - 3*c - 2 - 4*c**2. List the prime factors of k(-2).
2
Suppose 2*u - 5*j + 15 = 0, 1 = 2*u + 5*j + 46. Let m = -9 - u. What are the prime factors of m?
2, 3
Let d = 2 - -7. Suppose 4*i - d = 3. Suppose x + 16 = i*x. What are the prime factors of x?
2
Let d(o) = -4 + 3*o - 2*o + 11 + 0*o. What are the prime factors of d(6)?
13
Suppose -107*c + 112*c - 165 = 0. What are the prime factors of c?
3, 11
Let v(m) = 2*m - 2. Let u be v(3). Suppose -3*p - 3*j + 22 = 4, -u*p + 3*j = -3. Suppose -p*r = b - 3, -3*r + r + 41 = 5*b. What are the prime factors of b?
3
Let u(r) = r**2 + 10*r - 13. List the prime factors of u(-14).
43
Suppose 3*a - 8*v - 36 = -3*v, -2*v - 41 = -5*a. List the prime factors of a.
7
Let g = -152 + 263. Let q = 158 - g. List the prime factors of q.
47
Suppose 2*k - 340 = -k - m, 2*m = k - 111. List the prime factors of k.
113
Let m be 2/4*(4 + -4). Suppose 0 = 2*j + j. What are the prime factors of m - j - -9 - 0?
3
Let z(k) = k**3 - 3*k**2 - 3*k + 1. Let p be z(4). Let s be p - 3/(-3) - -2. List the prime factors of (s + -2)*(-3)/(-2).
3
Suppose 283 = -14*z + 2719. List the prime factors of z.
2, 3, 29
Suppose 2*i = 5*i + z - 148, 2*i - 3*z = 95. List the prime factors of i.
7
List the prime factors of (442/(-91))/((-2)/14).
2, 17
Let q(o) = o**3 - 13*o**2 - 14*o - 21. List the prime factors of q(15).
3, 73
Suppose 5*g - 5 - 30 = 0. Let w(j) = g + j - 11 - 5*j. List the prime factors of w(-5).
2
Suppose t - 3 = 1. Suppose -3*c + h = -13, -3*c = -t*h + h - 9. Suppose -c*g + 4*r + 54 = 0, 4*g - 2*r + 18 = 6*g. What are the prime factors of g?
2, 5
Let j = 5 - 3. Suppose x - 2*y - j*y - 20 = 0, -3*x + y = -38. What are the prime factors of 10*3/x*2?
5
Let l = 14 - 8. Suppose 0 = l*j - 2*j - 220. Suppose -2*h = 3*h - j. List the prime factors of h.
11
Suppose -5*y = -22 - 53. Suppose -4*x + 89 = -y. What are the prime factors of x?
2, 13